e prime factors of d.
2, 5
Let h(n) = n**3 - 3*n**2 - 16*n + 8. Suppose 0 = 13*g + 4*g - 102. List the prime factors of h(g).
2, 5
Suppose 6*d - 6810 = -9*d. Let x = 641 - d. What are the prime factors of x?
11, 17
Suppose 2*n + 11*v - 12*v - 834 = 0, -4*v - 846 = -2*n. What are the prime factors of n?
5, 83
Suppose -3*h = -h - 26. Suppose 5*u + 5 + 0 = 0. Let g = u + h. List the prime factors of g.
2, 3
Let v(p) = -2*p**2 - p - 3*p + 10 + 7*p**2. List the prime factors of v(5).
5, 23
Suppose 3*o - 2*a = 296, 2*o = -a - 3*a + 224. Let j = o - 48. What are the prime factors of j?
2, 3
Let h(m) = 138*m - 111. List the prime factors of h(4).
3, 7
Let c = 15 - 26. Let w = 14 + c. Suppose -w*g + 117 = 5*i - 4*i, -47 = -g - 3*i. List the prime factors of g.
2, 19
Let w be ((-6)/(-15))/2 + (-474)/(-30). Suppose 3*v - w = -y + 113, 5*v = 25. List the prime factors of y.
2, 3, 19
List the prime factors of (4 - -1543) + (3 - -4).
2, 3, 7, 37
Suppose 3*x - 3*h = -0*x - 225, x + 81 = -h. Let q = -36 - x. Let u = -3 + q. List the prime factors of u.
3, 13
Let d(g) = g**3 + 24*g**2 + 6*g + 17. Let i be d(-23). Suppose -1437 = -7*x - i. List the prime factors of x.
3, 7
Let x be 13 - 6*8/12. Let i(q) = -q**2 + 8*q - 2. Let r be i(x). Let t = r + 29. List the prime factors of t.
2, 3
Let o = 29 - 15. Suppose 0 = 4*w - 2*r - o, 7*r = 3*r - 4. Suppose w*b - 196 = -b. List the prime factors of b.
7
Let p(f) = f**3 + 3*f**2 + f - 5. Let x be p(-3). Let k(l) = -6*l + 17. What are the prime factors of k(x)?
5, 13
Suppose 31*z - 117605 = -12*z. List the prime factors of z.
5, 547
Let t(l) = -393*l + 20. What are the prime factors of t(-4)?
2, 199
Let p be (30/50)/(1/5). Suppose 3*w - 140 = -d, 0*d - 298 = -2*d + p*w. What are the prime factors of d/8 + 24/32?
19
Let r be (6/(-3) + 3/2)*6. What are the prime factors of 4 - (3 + (-280 - 4) - r)?
2, 3, 47
Suppose 2*n = q - 2626, 0 = 2*q - 4*n + 2*n - 5260. List the prime factors of q.
2, 3, 439
Let u be 12/(-6*1/(-3)). Suppose u*p = 2*p - 664. What are the prime factors of (-3)/(-12) + p/(-8)?
3, 7
What are the prime factors of (-2376)/(-20) + -3*(-3)/45?
7, 17
Let g(v) = -2*v - 5. Suppose 2*j + 15 = 7. Let w be g(j). Suppose 0 = -w*a + a + 60. List the prime factors of a.
2, 3, 5
List the prime factors of (-3)/(-9) + (-211198)/(-78).
2, 677
Let p be 336 - (5 + -4 - 4). Suppose -p + 11 = -4*f. What are the prime factors of f?
2, 41
Suppose 0 = -18*m + 17*m + 40. Let y be 8/1*(-190)/m. What are the prime factors of y*(-2 - 1 - -2)?
2, 19
Let c(h) = h**2 + 11*h - 99. List the prime factors of c(-31).
521
Let r(l) = -l**3 - 23*l**2 - 46*l - 5. Let y be r(-21). Suppose x - y = 55. What are the prime factors of x?
2, 67
Let z(m) be the second derivative of m**5/20 + m**4/2 - m**3/2 - 2*m**2 + 9*m. Suppose 33 = -5*l - 4*n - 9, -l + n = 3. List the prime factors of z(l).
2, 7
Let x = -12 + 37. Let k(a) = -a**3 - 15*a + 6*a**2 + 2 - 13*a + x*a. List the prime factors of k(5).
2, 3
Let d = 123 + -24. Suppose -c + d = -20. Suppose 0 = 4*k + c - 303. What are the prime factors of k?
2, 23
Suppose 5*x + 42*a - 20586 = 40*a, -5*x + 20568 = -4*a. List the prime factors of x.
2, 3, 7
Let o(h) = -h**3 - 3*h**2 + h + 10. Let w(g) = 2*g**3 + 7*g**2 - 2*g - 20. Let i(x) = -5*o(x) - 3*w(x). List the prime factors of i(-7).
2, 13
Suppose 15*x - 11*x + 98 = 2*l, -3*x = -3*l + 147. List the prime factors of l.
7
Suppose 29*y - 37*y = -1160. What are the prime factors of y?
5, 29
Let q be (-70)/((-8)/(4 - 0)). Let x = 65 - q. Suppose 2*p + p = -5*w + 35, w = 4*p + x. What are the prime factors of w?
2, 5
Let y(p) = 2*p - 11. Let i be y(4). What are the prime factors of 520/(-24)*(i + 0) - -1?
2, 3, 11
Suppose 1965 = 3*q + i, 0 = -2*q - 2*i + 341 + 973. What are the prime factors of q?
2, 3, 109
Let o = 428 - 88. Suppose 6*b - o = 2*b + r, 4*r = 2*b - 156. What are the prime factors of b?
2, 43
Let b = -56 + 1458. List the prime factors of b.
2, 701
Let f(i) = -i**3 - 16*i**2 + 8*i - 13. Let n be f(-17). Let u = 204 - n. What are the prime factors of u?
2
Let d(j) = 0*j**2 - 2*j - 4*j**2 + j**3 + 2 - j. Let x be d(4). What are the prime factors of (-2)/(1/(x + 3))?
2, 7
Let h(f) = 65*f + 20. What are the prime factors of h(9)?
5, 11
Suppose -38*q = -2*q - 113904. List the prime factors of q.
2, 7, 113
Let l = 54 + -19. What are the prime factors of l?
5, 7
Suppose 25 = 5*d - 0*d. Suppose -d*r = -854 - 11. List the prime factors of r.
173
Suppose -76*j + 4333 = -8131. List the prime factors of j.
2, 41
Suppose -d - 3 = -8. Suppose d = -5*z, 7*z + 74 = 5*s + 3*z. List the prime factors of s.
2, 7
Suppose -2*p + 3*s - 4*s + 11 = 0, -4*p = -2*s - 18. Let b be p/(1/((-3)/(-3))). Suppose a - b = 6. List the prime factors of a.
11
Let k = -837 + 3194. List the prime factors of k.
2357
Let x be (-1 - -6)*68/10. Suppose x = -k + 6. What are the prime factors of (2 + k)*(5 - 6)?
2, 13
What are the prime factors of (-62744)/(-64) - 9/24?
2, 5, 7
Let b = -2187 - -3592. List the prime factors of b.
5, 281
Let o = -179 + 297. List the prime factors of o.
2, 59
Let z = -38 - -43. Suppose 2*w - 7 = z*b + 69, 4*w + 4*b - 96 = 0. What are the prime factors of w?
2, 7
Suppose -q - 5 + 11 = 0. Suppose 453 = q*g - 81. What are the prime factors of g?
89
Let i(s) = 9*s**2 - 9*s**2 + 15*s**3 - 16*s**3 - 4*s - 21. List the prime factors of i(-5).
2, 31
Suppose 4*p - 4 = 68. Suppose 4*m + p = -94. List the prime factors of 0 - (m + (2 - 5)).
31
Let p(j) = j**2 - 6*j - 1. Let v be p(6). Let g = 1 + v. Suppose g*r + r = 8. What are the prime factors of r?
2
Let h(l) = 0*l**3 - 11*l**2 - 10*l - l**3 + 0*l**3. Let k be h(-10). Suppose 2*i - 81 - 25 = k. List the prime factors of i.
53
Let t(n) be the first derivative of -n**3/3 - 2*n**2 + 7*n - 4. Let f be t(-5). Suppose f*y + 13 = 3*y. List the prime factors of y.
13
Let s = -41 - 10. Let f = s - -274. What are the prime factors of f?
223
Suppose 3*k = j - 17, -2*j - k - 19 = -5*j. List the prime factors of -121*(30/j)/(-3).
2, 11
Suppose -38 - 22 = -5*s. Suppose -2*i = -v + s, 5*i + 5 = -v - 18. Suppose v*a - 7*a = -20. List the prime factors of a.
2
Let i(a) = a**2 + 4*a - 3. Let s be i(2). Let n be ((-15)/(-4))/(s/(-24)). Let z(w) = -w**3 - 11*w**2 - 12*w - 3. What are the prime factors of z(n)?
17
Suppose -v - 181 = 4*h - 0*h, -v = 3*h + 137. Let f = 130 + h. What are the prime factors of f?
2, 43
Suppose 5*o - 3*m - 18 = -3, 55 = 5*o + 5*m. What are the prime factors of o/4*1540/30?
7, 11
Suppose 228 = 5*v - 2. Suppose -4*u = -4*n + v - 6, -5*n = -u - 30. Suppose -3*j + 61 = n*x, -x + 0*x = 4. What are the prime factors of j?
3
Suppose 7142 = 16*x - 922. List the prime factors of x.
2, 3, 7
List the prime factors of ((3003/(-26))/(-21))/((-1)/(-30)).
3, 5, 11
Suppose 6733 + 3390 = 3*i + 5*g, 0 = -5*i + 4*g + 16884. List the prime factors of i.
2, 211
Let l(p) = p**3 + 2*p**2 - 8*p + 2. Let g be l(2). Suppose -360 = -g*d + 3*a, 3*a - 206 = -d - 2*a. List the prime factors of d.
2, 3, 31
Let n = 90 - -27. Let h = 217 - n. What are the prime factors of h?
2, 5
Let r(g) = 78*g**2 + 3*g + 2. Let d be r(-1). List the prime factors of (-101)/(-11) - 14/d.
3
Let f = 5 + 19. Let l be 15/(-2)*(-16)/f. Suppose 16 = 3*z - z - 4*r, -3*z = -l*r - 26. List the prime factors of z.
2, 3
Let g(m) = 15*m + 4. Let d = -8 - -4. Let l be g(d). Let t = -29 - l. List the prime factors of t.
3
Suppose 18*q - 42*q = -57720. List the prime factors of q.
5, 13, 37
Suppose 0 = -5*i + 4*u - 1134, u - 1142 = 5*i - u. Let z = i - -412. List the prime factors of z.
2, 7, 13
What are the prime factors of 5*-15*6552/(-420)?
2, 3, 5, 13
Suppose -5*g = -f + 233, 3*f + 2*g - 1020 = -f. What are the prime factors of f - 0/((-4)/(-2))?
11, 23
List the prime factors of (-38)/(9 - (-273)/(-30)).
2, 5, 19
Let r = -1503 - -2770. List the prime factors of r.
7, 181
Suppose 2*l = -12 + 42. Suppose l*g = 20*g - 810. What are the prime factors of g?
2, 3
Let n = -72 - -971. List the prime factors of n.
29, 31
Let b(q) = -q**3 + 18*q**2 + 33*q - 13. What are the prime factors of b(17)?
3, 31
Let k = -27 - -697. List the prime factors of k.
2, 5, 67
Suppose -5*x + 0*x = -180. Let s = -27 + x. What are the prime factors of s?
3
Suppose -7753 = -5*w + 25*b - 23*